ctor of 1012?
False
Is 11 a factor of 914?
False
Is 13 a factor of 533?
True
Is 6 a factor of 6505?
False
Does 32 divide 49959?
False
Is 112 a factor of 5824?
True
Does 22 divide 35148?
False
Is 335 a multiple of 13?
False
Does 5 divide 2220?
True
Is 161 a factor of 24801?
False
Is 9 a factor of 4014?
True
Does 38 divide 582?
False
Does 17 divide 432?
False
Is 3168 a multiple of 80?
False
Is 59 a factor of 649?
True
Is 909 a multiple of 6?
False
Does 9 divide 3143?
False
Is 10 a factor of 116?
False
Does 25 divide 3770?
False
Is 357 a multiple of 17?
True
Is 34 a multiple of 17?
True
Does 41 divide 982?
False
Is 11730 a multiple of 36?
False
Does 2 divide 273?
False
Does 190 divide 82893?
False
Is 1530 a multiple of 90?
True
Does 34 divide 802?
False
Is 32 a factor of 9646?
False
Is 647 a multiple of 36?
False
Is 127 a factor of 6865?
False
Is 30808 a multiple of 14?
False
Is 406 a multiple of 3?
False
Is 76 a factor of 1670?
False
Does 4 divide 772?
True
Does 30 divide 1018?
False
Does 14 divide 252?
True
Does 61 divide 6710?
True
Does 6 divide 10452?
True
Does 18 divide 32418?
True
Is 14 a factor of 41104?
True
Is 10 a factor of 290?
True
Is 58 a factor of 1135?
False
Does 14 divide 2310?
True
Is 5 a factor of 265?
True
Does 88 divide 33352?
True
Is 3 a factor of 2505?
True
Does 130 divide 2990?
True
Is 14 a factor of 10452?
False
Is 3 a factor of 8499?
True
Does 34 divide 14211?
False
Does 2 divide 48?
True
Does 142 divide 3491?
False
Is 34 a factor of 463?
False
Is 2425 a multiple of 10?
False
Does 55 divide 294?
False
Is 3 a factor of 3121?
False
Is 37 a factor of 8769?
True
Is 42 a factor of 54475?
False
Is 56216 a multiple of 98?
False
Is 3 a factor of 144?
True
Is 1520 a multiple of 19?
True
Is 2603 a multiple of 30?
False
Is 1010 a multiple of 33?
False
Is 130 a multiple of 5?
True
Is 19 a factor of 1102?
True
Is 150 a multiple of 10?
True
Is 233 a factor of 34251?
True
Is 2436 a multiple of 29?
True
Is 480 a multiple of 15?
True
Does 3 divide 3091?
False
Is 20 a factor of 37507?
False
Does 27 divide 158?
False
Is 119 a factor of 3808?
True
Is 1985 a multiple of 5?
True
Is 112020 a multiple of 394?
False
Does 26 divide 2754?
False
Does 42 divide 14871?
False
Is 4010 a multiple of 2?
True
Does 24 divide 4175?
False
Does 22 divide 198?
True
Is 558 a multiple of 9?
True
Does 28 divide 526?
False
Is 13 a factor of 2080?
True
Is 598 a multiple of 28?
False
Does 9 divide 79380?
True
Is 5 a factor of 133?
False
Is 310 a multiple of 15?
False
Does 207 divide 7452?
True
Is 1206 a multiple of 2?
True
Is 3744 a multiple of 52?
True
Does 6 divide 811?
False
Is 34954 a multiple of 25?
False
Is 13 a factor of 13794?
False
Does 50 divide 19650?
True
Does 31 divide 372?
True
Is 1674 even?
True
Does 20 divide 13206?
False
Is 4410 a multiple of 90?
True
Is 37485 a multiple of 35?
True
Is 2088 a multiple of 24?
True
Does 7 divide 58400?
False
Is 12 a factor of 648?
True
Does 10 divide 6920?
True
Does 14 divide 925?
False
Does 42 divide 13161?
False
Does 126 divide 38957?
False
Is 50 a factor of 850?
True
Is 948 a multiple of 15?
False
Is 6588 a multiple of 54?
True
Is 767 a multiple of 13?
True
Is 652 a multiple of 163?
True
Is 3474 a multiple of 21?
False
Does 6 divide 636?
True
Does 56 divide 5155?
False
Does 32 divide 304?
False
Is 5 a factor of 235?
True
Does 18 divide 371?
False
Is 39 a factor of 1131?
True
Is 4139 a multiple of 114?
False
Is 18 a factor of 13639?
False
Does 40 divide 12913?
False
Is 17 even?
False
Does 34 divide 16796?
True
Is 3 a factor of 25285?
False
Is 13443 a multiple of 13?
False
Is 14 a factor of 1977?
False
Does 69 divide 1765?
False
Does 24 divide 2184?
True
Is 5 a factor of 50?
True
Does 80 divide 1712?
False
Is 9 a factor of 3429?
True
Is 7 a factor of 2727?
False
Is 2625 a multiple of 93?
False
Is 70 a factor of 1750?
True
Is 4468 a multiple of 73?
False
Is 15 a factor of 149?
False
Is 13 a factor of 89325?
False
Is 41 a factor of 41328?
True
Does 2 divide 5710?
True
Does 12 divide 600?
True
Does 6 divide 32118?
True
Is 24 a factor of 32040?
True
Is 4320 a multiple of 30?
True
Does 72 divide 6035?
False
Does 33 divide 4059?
True
Is 3230 a multiple of 34?
True
Does 13 divide 1035?
False
Does 26 divide 7354?
False
Does 66 divide 3630?
True
Does 8 divide 8?
True
Does 52 divide 8372?
True
Is 5 a factor of 5035?
True
Is 1512 a multiple of 8?
True
Is 965 a multiple of 12?
False
Does 19 divide 36518?
True
Is 36 a factor of 994?
False
Is 8862 a multiple of 8?
False
Is 391 a multiple of 17?
True
Is 72229 a multiple of 81?
False
Does 13 divide 31665?
False
Is 274 a multiple of 21?
False
Does 19 divide 6353?
False
Does 12 divide 552?
True
Does 73 divide 1679?
True
Is 667 a multiple of 29?
True
Does 25 divide 13900?
True
Is 228 a multiple of 12?
True
Is 88484 a multiple of 15?
False
Is 2384 a multiple of 12?
False
Is 72 a factor of 3240?
True
Is 8406 a multiple of 3?
True
Is 642 a multiple of 250?
False
Is 300 a multiple of 4?
True
Is 389 a multiple of 22?
False
Is 20 a factor of 34600?
True
Does 80 divide 5189?
False
Is 40832 a multiple of 116?
True
Does 15 divide 22080?
True
Is 3626 a multiple of 7?
True
Does 155 divide 14462?
False
Does 12 divide 4704?
True
Is 8 a factor of 3101?
False
Is 99 a multiple of 2?
False
Is 27023 a multiple of 216?
False
Is 1766 a multiple of 15?
False
Is 46 a factor of 12592?
False
Is 30 a factor of 2243?
False
Is 1593 a multiple of 9?
True
Is 10 a factor of 1999?
False
Is 303 a multiple of 38?
False
Does 9 divide 18?
True
Is 2663 a multiple of 443?
False
Is 23 a factor of 4638?
False
Is 15 a factor of 2620?
False
Is 5426 a multiple of 43?
False
Is 4 a factor of 586?
False
Is 17 a factor of 25?
False
Is 6 a factor of 119?
False
Is 23 a factor of 807?
False
Does 10 divide 928?
False
Does 13 divide 60151?
True
Is 52 a factor of 2197?
False
Is 595 a multiple of 35?
True
Does 34 divide 5780?
True
Is 57 a factor of 1333?
False
Is 5273 a multiple of 12?
False
Is 550 a multiple of 55?
True
Is 25 a factor of 14198?
False
Does 15 divide 28160?
False
Does 165 divide 2805?
True
Is 3 a factor of 833?
False
Does 15 divide 5145?
True
Does 8 divide 38?
False
Is 3946 a multiple of 2?
True
Is 5 a factor of 727?
False
Is 97 a factor of 4160?
False
Does 16 divide 2816?
True
Does 7 divide 322?
True
Is 1704 a multiple of 12?
True
Is 23056 a multiple of 16?
True
Is 852 a multiple of 2?
True
Does 14 divide 630?
True
Is 412 a factor of 104236?
True
Does 7 divide 140?
True
Does 10 divide 6039?
False
Is 16 a factor of 10400?
True
Is 53 a factor of 3816?
True
Is 74 a factor of 908?
False
Does 3 divide 1549?
False
Is 602 a multiple of 14?
True
Does 15 divide 1980?
True
Is 41 a factor of 23493?
True
Is 14 a factor of 574?
True
Is 141 a factor of 4393?
False
Does 182 divide 4368?
True
Is 35 a factor of 1400?
True
Does 31 divide 9394?
False
Is 25 a factor of 26875?
True
Does 15 divide 195?
True
Is 15 a factor of 3405?
True
Does 11 divide 834?
False
Is 13330 a multiple of 62?
True
Is 5278 a multiple of 182?
True
Does 138 divide 1257?
False
Is 13 a factor of 2444?
True
Is 6500 a multiple of 13?
True
Is 19148 a multiple of 3?
False
Is 3438 a multiple of 141?
False
Is 2691 a multiple of 117?
True
Is 22176 a multiple of 44?
True
Does 298 divide 79864?
True
Is 6 a factor of 5186?
False
Is 3182 a multiple of 3?
False
Is 2 a factor of 2485?
False
Is 166 a multiple of 60?
False
Is 31 a factor of 21514?
True
Is 40 a factor of 60?
False
Does 13 divide 119?
False
Is 14 a factor of 372?
False
Does 18 divide 57060?
True
Is 90 a multiple of 6?
True
Is 708 a multiple of 12?
True
Does 94 divide 940?
True
Does 19 divide 1710?
True
Is 32 a factor of 69664?
True
Is 19 a factor of 968?
False
Is 43 a factor of 1496?
False
Is 896 a multiple of 28?
True
Is 14144 a multiple of 26?
True
Does 28 divide 677?
False
Is 528 a multiple of 88?
True
Is 34 a factor of 53894?
False
Is 38099 a multiple of 8?
False
Is 5926 a multiple of 35?
False
Does 16 divide 192?
True
Is 18 a factor of 1650?
False
Is 61 a factor of 2135?
True
Does 8 divide 1500?
False
Does 29 divide 6080?
False
Is 2 a factor of 79?
False
Is 64 a factor of 926?
False
Is 168 a multiple of 21?
True
Is 6111 a multiple of 9?
True
Does 57 divide 3249?
True
Does 25 divide 769?
False
Is 26 a factor of